y + n*y. What is the tens digit of y?
8
Suppose 5*t - 3*x = 7471 + 5365, 0 = -5*x + 15. What is the thousands digit of t?
2
Let n = -7 + 10. Suppose n*p + 0*p - 270 = 0. Suppose -3*u - 3 + p = 0. What is the tens digit of u?
2
What is the tens digit of 3*(-4 + 269 + -1 - 5)?
7
Suppose 53*l - 87779 = 24475. What is the tens digit of l?
1
Suppose 0 = -3*s - 5 - 10. Let c be (-9)/((10/6)/s). Let h = 76 - c. What is the tens digit of h?
4
Let z(x) = 4*x**2 + x. Let w = -21 - -11. Let t = w - -8. What is the tens digit of z(t)?
1
Suppose 5*j = -m + 6080, 238*m + 4835 = 4*j + 233*m. What is the thousands digit of j?
1
Suppose -6808 - 4467 = -11*q. What is the tens digit of q?
2
Let u(q) be the first derivative of 1/2*q**2 - 2 + 5*q. What is the units digit of u(7)?
2
Suppose -6*w + 190 = 184. What is the units digit of w?
1
Let b(k) = k**3 - k**2 - 5*k. Let f be b(2). What is the units digit of (-2)/4*f + 22?
5
Let p(i) = -11*i - 2. Let m be p(-1). Let h be (-1 - 114)/(-10 + m). Let o = h - 65. What is the tens digit of o?
5
Suppose -y + 38 - 4 = 0. Let m = -20 + y. Suppose 3*k + 50 = 7*k - 2*n, 0 = -k - n + m. What is the units digit of k?
3
Let d be 124 + -1 - (-5 + 3). Let c = 0 + 4. Suppose -a = c*a - d. What is the units digit of a?
5
What is the tens digit of 9/6 + 8/16 + 74?
7
Suppose 4836 = -6*b + 19*b. What is the tens digit of b?
7
Suppose -2*t = b + 4*b + 19, -4*b + 3*t = 29. Let h(l) = -6*l + 15. Let w be h(b). Suppose 0*x - 12 = -4*x, w = 3*v + 3*x. What is the units digit of v?
2
Suppose -20 = j - 120. Let n = -14 + j. What is the tens digit of n?
8
Suppose -3612 = -15*f + 49338. What is the units digit of f?
0
Let u be (-2)/(-1) + (-4 - 0). What is the units digit of (5/(-2))/(u/4)?
5
Let y(t) = 401*t - 208. What is the hundreds digit of y(3)?
9
Suppose 0 = -122*f + 119*f + 1647. What is the tens digit of f?
4
Let z(o) = 3*o**3 - 26*o**2 + 3*o - 99. What is the thousands digit of z(13)?
2
Let h be (-8199)/81 + 2/9. Let l = h - -351. What is the tens digit of l?
5
Suppose -17*y - 7*y = -78984. What is the tens digit of y?
9
Suppose -20*h + 18*h + 18 = 0. Let j = 6 - 3. Suppose h = u - j. What is the units digit of u?
2
Let n(l) = l**3 - 4*l**2 + 41*l + 21. What is the thousands digit of n(10)?
1
Suppose 4*l - 2*l + 257 = -n, 2*l = 5*n - 287. Let z = -53 - l. What is the units digit of z?
8
Let c be 18/(-4)*(-88)/33. Suppose -2*k + h - 1 + 20 = 0, -c = -k - 2*h. What is the units digit of k?
0
Let p(a) = 4*a**2 + 8*a + 6. Let b be p(-1). Suppose -9*m = b*m - 1221. What is the tens digit of m?
1
Suppose -3*l + 300 = 3*q, 0 = l + 7*q - 5*q - 102. What is the units digit of l?
8
Let h be ((-4)/6)/(10/(-180)). What is the units digit of 855/h + (-3)/(-4)?
2
Let b(l) = -l + 6. Let s be b(4). Suppose -s*k - 3*k + 201 = t, -k - t = -37. What is the tens digit of k?
4
Let s = 4680 - 686. What is the tens digit of s?
9
Let s = 1545 + -450. What is the thousands digit of s?
1
Let u(c) = -c**2 + 14*c - 10. Let n be u(13). Suppose -n*o - q - q + 187 = 0, o - 2*q = 65. What is the tens digit of o?
6
Let f(s) = 4*s**2 + 24*s - 26. What is the hundreds digit of f(-10)?
1
Suppose 25*n - 2102 = -4*i + 23*n, i - 4*n - 521 = 0. What is the units digit of i?
5
Suppose -3*u = 2*u - 15. Suppose -u*o - 1 = -2*o. Let r(c) = -10*c**3 + c**2 + c. What is the tens digit of r(o)?
1
Let p = -702 + 1122. What is the tens digit of p?
2
Let q(h) be the third derivative of h**5/30 + h**4/4 + 5*h**3/6 - 2*h**2. Let w be q(-4). Suppose 4*r + 188 = 4*p, p - 30 = -r + w. What is the tens digit of p?
4
Let h(n) be the third derivative of -2*n**3 - 1/12*n**4 - n**2 + 0*n + 0. What is the units digit of h(-10)?
8
Let a(p) = 26*p + 106. What is the hundreds digit of a(29)?
8
Let s(c) = c**3 + c**2 + 47. Let v = -24 - -29. Suppose 4*z + 16 = -5*i, -v*i - 6 - 2 = 2*z. What is the tens digit of s(i)?
4
Suppose 0 = 14*r - 399 - 59955. What is the thousands digit of r?
4
Suppose 618 = 5*v + 5128. What is the units digit of (-3 - -2 - -11)*v/(-55)?
4
Suppose 6*o = 10*o - 36. Let n(f) = -f**3 + 10*f**2 - f. What is the tens digit of n(o)?
7
Let h(j) = -115*j - 288. What is the hundreds digit of h(-15)?
4
Let l be (3 + 0)/((-19)/(-19)). Suppose -w + 5*y + 33 - 8 = 0, y = l*w - 33. What is the units digit of w?
0
Let t = 6483 - 4604. Suppose -5*g - 729 + t = 0. What is the units digit of g?
0
Suppose m + 3*m = 1480. What is the hundreds digit of (m/(-3))/((-4)/6)?
1
Let w(y) be the third derivative of -11*y**7/2520 + y**5/30 - 2*y**2. Let g(t) be the third derivative of w(t). What is the units digit of g(-1)?
2
Let y(r) = -2*r**2 - 59*r - 71. What is the hundreds digit of y(-24)?
1
Suppose 1 = c + h, -5*c - h + 0 = -1. Suppose 5*j + 2*y - 19 = 4*j, c = -j + 4*y + 49. What is the tens digit of j?
2
Let n(q) = q**3 - 12*q**2 - 10*q - 7. Let d be n(13). What is the units digit of (d/(-12))/(4/(-24))?
6
Let y = 76 + -54. Let a be y/55 + (-37)/5. Let z = 25 - a. What is the tens digit of z?
3
Let p = -755 - -481. Let h = -114 - p. What is the hundreds digit of h?
1
Let q be (-2 + (-4)/(-2))/(-1). Suppose q = i - 0*i - 72. What is the units digit of 2/(i/33 + -2)?
1
Suppose 3*v + 13 = -4*r, -5*r - 3*v + 4 = -6*v. What is the units digit of 4/(-6)*r - 4630/(-30)?
5
Let z(u) = 34*u - 18. What is the units digit of z(6)?
6
Let f(n) = 16 - 38 + 0*n + 12 + 5*n. What is the units digit of f(25)?
5
Let b(v) be the third derivative of -1/12*v**4 + 8*v**2 + 7/60*v**5 + 0 + 2/3*v**3 + 1/120*v**6 + 0*v. What is the tens digit of b(-6)?
5
Suppose 8*q = 9*q - 272. Suppose -2*u + q = -2*o, 4*u - 2*o + 4*o = 556. Suppose j = 6*j - b - 132, 4*b = 5*j - u. What is the units digit of j?
6
Let f(c) = -3*c**3 + 2*c**2 + 3*c + 63. Let g(u) = 16*u**3 - 11*u**2 - 16*u - 316. Let w(p) = 11*f(p) + 2*g(p). What is the units digit of w(0)?
1
Let b(x) be the first derivative of 6*x + 1/3*x**3 - 4*x**2 - 5. What is the units digit of b(11)?
9
Suppose 4*w + 67 = -a, 0 = -w - 3*a - 8 + 5. Let n = -8 - -6. What is the units digit of n/1 - (w - 10)?
6
Suppose -b + 2287 = 2*o, b + 1002 = o - 149. What is the units digit of 1*(o/9)/(12/18)?
1
Suppose 7*w - 4*w - 783 = 0. Suppose -29 = -5*k + w. What is the tens digit of k?
5
Let z = -562 - -981. What is the tens digit of z?
1
Suppose 2*i - 25 = -h, i - 65 = 4*h - 8*h. What is the units digit of (156/h + 0)*(-65)/(-26)?
6
Suppose 7*w - 11*w = 88. Let n be 1 + -7 + 3 + w. Let b = -15 - n. What is the units digit of b?
0
Let q(c) = 3*c + 7. Suppose -l - 44 = 3*l. Let z(m) = -8*m - 20. Let w(r) = l*q(r) - 4*z(r). What is the units digit of w(-6)?
9
Suppose 29 = 2*k - 299. Let q = k + -86. What is the units digit of q?
8
Let a = 714 - 347. What is the hundreds digit of a?
3
Let s(i) = -19*i**3 - 4*i**2 - 77*i - 450. What is the thousands digit of s(-6)?
3
Suppose -i = 4, 0 = 3*t + 3*i - 8 - 1. Suppose 172 = t*p - 3*p. Let j = -31 + p. What is the units digit of j?
2
Let j = 107 + -119. What is the tens digit of j/(-5)*(-1155)/(-14)?
9
Suppose -4*h + 62524 = 45*h. What is the units digit of h?
6
Let r(a) = -53*a - 125. What is the hundreds digit of r(-21)?
9
Let f(k) = -3*k + 11*k**2 + 0*k + 4*k + k**3 + 15. Let n be f(-11). Suppose 3*h + 4*s = 71, n*h - 4*s + 2*s = 58. What is the units digit of h?
7
Let j be (6 + -2)*(-9 - -11). Suppose -2*g + j = -36. What is the units digit of g?
2
Suppose -4*i = -5*i + 9. Suppose -2*h + 3 + i = 0. Let y = h - 3. What is the units digit of y?
3
Let f = 1368 - 839. What is the hundreds digit of f?
5
Let l = 442 + -434. What is the units digit of l?
8
Suppose -m + 560 = 2*i, -m = -3*i - i - 590. What is the tens digit of m?
7
Suppose -93*p - 11803 = -104*p. What is the hundreds digit of p?
0
Let o = 21 + -31. What is the units digit of -655*(44/o + 4)?
2
Let b = -215 + 431. Let m = b + -120. What is the tens digit of m?
9
Suppose 0 = 4*o - 26 + 2. Suppose -o*p = -164 - 646. Suppose -4*z + 93 = -p. What is the units digit of z?
7
Suppose 30 = -9*k + 11*k. What is the hundreds digit of k/12 - 1 - (-2300)/16?
1
What is the tens digit of 10784/9 - 28/126 - 4?
9
Let b(l) = 2*l**2 - 10*l - 2. Let c be b(10). What is the units digit of (24/(-42))/((-4)/c)?
4
Let q = 169 - 167. Suppose 0 = 5*h + q*b - 1030, 0 = -2*h - 3*b + 7*b + 388. What is the te